?
2, 7, 71, 137
List the prime factors of 2275103.
2275103
List the prime factors of 11617621.
313, 37117
What are the prime factors of 66882?
2, 3, 71, 157
What are the prime factors of 131214?
2, 3, 19, 1151
What are the prime factors of 4163945?
5, 19, 53, 827
List the prime factors of 4523168.
2, 13, 83, 131
List the prime factors of 12025156.
2, 11, 13, 21023
List the prime factors of 4519456.
2, 141233
List the prime factors of 5465859.
3, 7, 43, 6053
List the prime factors of 23467334.
2, 11, 41, 26017
List the prime factors of 1042186.
2, 439, 1187
What are the prime factors of 356552?
2, 7, 6367
List the prime factors of 5333184.
2, 3, 47, 197
List the prime factors of 260304.
2, 3, 11, 17, 29
What are the prime factors of 1791685?
5, 7, 71, 103
What are the prime factors of 3827936?
2, 7, 23, 743
List the prime factors of 4189284.
2, 3, 11, 71, 149
What are the prime factors of 15035923?
7, 2147989
What are the prime factors of 272752?
2, 17047
What are the prime factors of 316640?
2, 5, 1979
What are the prime factors of 44717?
97, 461
What are the prime factors of 3600141?
3, 17, 73, 967
List the prime factors of 19982951.
67, 101, 2953
List the prime factors of 14086514.
2, 13, 443, 1223
List the prime factors of 14883.
3, 11, 41
What are the prime factors of 158035?
5, 31607
List the prime factors of 1155858.
2, 3, 11, 83, 211
List the prime factors of 11655.
3, 5, 7, 37
List the prime factors of 3411017.
3411017
What are the prime factors of 4396360?
2, 5, 131, 839
What are the prime factors of 907719?
3, 302573
List the prime factors of 2734508.
2, 7, 61, 1601
List the prime factors of 196544.
2, 37, 83
List the prime factors of 230795.
5, 31, 1489
List the prime factors of 485996.
2, 7, 17, 1021
List the prime factors of 59720.
2, 5, 1493
What are the prime factors of 7398639?
3, 127, 6473
What are the prime factors of 713009?
11, 53, 1223
List the prime factors of 2886261.
3, 7, 167, 823
List the prime factors of 49685.
5, 19, 523
What are the prime factors of 330416?
2, 107, 193
What are the prime factors of 96920?
2, 5, 2423
What are the prime factors of 111785?
5, 79, 283
List the prime factors of 29508689.
7, 29, 61, 2383
What are the prime factors of 267264?
2, 3, 29
List the prime factors of 196431.
3, 41, 1597
List the prime factors of 3116663.
11, 421, 673
What are the prime factors of 86910?
2, 3, 5, 2897
What are the prime factors of 56076?
2, 3, 4673
What are the prime factors of 1348567?
11, 122597
List the prime factors of 3217761.
3, 47, 7607
List the prime factors of 231209.
11, 21019
List the prime factors of 286956.
2, 3, 2657
List the prime factors of 334487.
334487
List the prime factors of 2396422.
2, 7, 17, 10069
List the prime factors of 271527.
3, 29, 3121
List the prime factors of 29835.
3, 5, 13, 17
What are the prime factors of 242652?
2, 3, 73, 277
What are the prime factors of 24211638?
2, 3, 11, 17, 7193
List the prime factors of 701760.
2, 3, 5, 17, 43
What are the prime factors of 6050660?
2, 5, 7, 11, 3929
List the prime factors of 119669.
11, 23, 43
What are the prime factors of 95045?
5, 19009
List the prime factors of 5609.
71, 79
What are the prime factors of 7141557?
3, 2380519
List the prime factors of 5983813.
11, 17, 2909
What are the prime factors of 71137?
11, 29, 223
What are the prime factors of 374386?
2, 187193
List the prime factors of 184033.
73, 2521
What are the prime factors of 4550337?
3, 11, 5107
What are the prime factors of 18874856?
2, 7, 11, 13, 2357
What are the prime factors of 2017893?
3, 241, 2791
What are the prime factors of 2958939?
3, 163, 2017
List the prime factors of 436934.
2, 17, 71, 181
What are the prime factors of 621079?
199, 3121
What are the prime factors of 18678243?
3, 647, 9623
What are the prime factors of 1547?
7, 13, 17
List the prime factors of 6644857.
29, 229133
What are the prime factors of 9935653?
7, 13, 41, 2663
What are the prime factors of 798088?
2, 99761
What are the prime factors of 514937?
461, 1117
List the prime factors of 1842390.
2, 3, 5, 11, 1861
List the prime factors of 2012021.
11, 101, 1811
List the prime factors of 7641617.
509, 15013
List the prime factors of 3939870.
2, 3, 5, 11, 11939
List the prime factors of 324545.
5, 13, 4993
List the prime factors of 366543.
3, 139, 293
What are the prime factors of 813049?
813049
What are the prime factors of 424180?
2, 5, 127, 167
What are the prime factors of 2450221?
19, 128959
What are the prime factors of 116257?
116257
List the prime factors of 311188.
2, 77797
What are the prime factors of 1375576?
2, 171947
What are the prime factors of 141053?
11, 12823
List the prime factors of 1553946.
2, 3, 258991
List the prime factors of 68517.
3, 23, 331
List the prime factors of 347079.
3, 115693
What are the prime factors of 6871862?
2, 37, 92863
List the prime factors of 66628.
2, 16657
What are the prime factors of 13545368?
2, 1693171
What are the prime factors of 24963766?
2, 101, 123583
What are the prime factors of 3723106?
2, 881, 2113
What are the prime factors of 18570490?
2, 5, 1857049
What are the prime factors of 6606346?
2, 3303173
List the prime factors of 1721343.
3, 13, 19, 23, 101
List the prime factors of 1002310.
2, 5, 113, 887
List the prime factors of 5711525.
5, 228461
What are the prime factors of 1215427?
421, 2887
What are the prime factors of 1521255?
3, 5, 37, 2741
List the prime factors of 1007144.
2, 67, 1879
What are the prime factors of 933431?
97, 9623
List the prime factors of 235748.
2, 58937
What are the prime factors of 22810910?
2, 5, 1093, 2087
List the prime factors of 279238.
2, 139619
List the prime factors of 151793.
17, 8929
List the prime factors of 6405981.
3, 541, 3947
What are the prime factors of 690894?
2, 3, 131, 293
List the prime factors of 3752601.
3, 1250867
What are the prime factors of 298561?
31, 9631
What are the prime factors of 88173?
3, 97, 101
What are the prime factors of 7637331?
3, 13, 113, 1733
What are the prime factors of 2398549?
2398549
List the prime factors of 819052.
2, 13, 19, 829
What are the prime factors of 130095?
3, 5, 7, 59
List the prime factors of 155875.
5, 29, 43
List the prime factors of 280154.
2, 7, 20011
List the prime factors of 9858725.
5, 17, 23197
What are the prime factors of 368466?
2, 3, 7, 31, 283
What are the prime factors of 219197?
11, 19927
What are the prime factors of 718500?
2, 3, 5, 479
What are the prime factors of 1737151?
13, 19, 541
List the prime factors of 128167.
13, 9859
List the prime factors of 345435.
3, 5, 23029
List the prime factors of 746665.
5, 149333
What are the prime factors of 63116?
2, 31, 509
What are the prime factors of 21757366?
2, 29, 375127
What are the prime factors of 14489893?
11, 71, 18553
What are the prime factors of 3746933?
19, 197207
List the prime factors of 16185658.
2, 31, 261059
List the prime factors of 7524013.
7, 17, 23, 2749
List the prime factors of 464280.
2, 3, 5, 53, 73
List the prime factors of 1833479.
41, 197, 227
List the prime factors of 26994.
2, 3, 11, 409
List the prime factors of 7019570.
2, 5, 701957
List the prime factors of 14502576.
2, 3, 11, 227
List the prime factors of 603629.
13, 59, 787
What are the prime factors of 922977?
3, 11, 9323
List the prime factors of 83774.
2, 41887
What are the prime factors of 2341467?
3, 137, 211
List the prime factors of 189513.
3, 7019
List the prime factors of 181758.
2, 3, 30293
What are the prime factors of 2916183?
3, 71, 13691
What are the prime factors of 432970?
2, 5, 29, 1493
What are the prime factors of 59147?
11, 19, 283
What are the prime factors of 651519?
3, 11, 6581
List the prime factors of 12575780.
2, 5, 7, 43, 2089
List the prime factors of 395578.
2, 83, 2383
What are the prime factors of 153917?
149, 1033
What are the prime factors of 1843216?
2, 115201
What are the prime factors of 62483?
62483
What are the prime factors of 15190108?
2, 3797527
List the prime factors of 2091029.
97, 21557
What are the prime factors of 177652?
2, 23, 1931
List the prime factors of 744618.
2, 3, 7, 17729
List the prime factors of 188489.
7, 26927
What are the prime factors of 204271?
359, 569
List the prime factors of 195586.
2, 19, 5147
List the prime factors of 6493527.
3